{"id":50,"date":"2024-05-23T11:31:55","date_gmt":"2024-05-23T11:31:55","guid":{"rendered":"https:\/\/luftfahrtruppen.at\/?page_id=50"},"modified":"2025-12-14T09:42:36","modified_gmt":"2025-12-14T09:42:36","slug":"termine","status":"publish","type":"page","link":"https:\/\/luftfahrtruppen.at\/?page_id=50","title":{"rendered":"Termine"},"content":{"rendered":"\n<p>Wir informieren zeitnahe \u00fcber kommende Buchpr\u00e4sentationen und Vortr\u00e4ge.<\/p>\n\n\n\n<p><\/p>\n\n\n\n<hr class=\"wp-block-separator has-alpha-channel-opacity is-style-wide\"\/>\n\n\n\n<h3 class=\"wp-block-heading\">Vergangene Veranstaltungen:<\/h3>\n\n\n\n<div class=\"wp-block-group has-global-padding is-layout-constrained wp-block-group-is-layout-constrained\">\n<h4 class=\"wp-block-heading\">29. Oktober 2025: Heeresgeschichtliches Museum, Wien<\/h4>\n\n\n\n<p>Vortrag und Buchpr\u00e4sentation,<a href=\"https:\/\/www.heereskunde.wien\/\"> \u00d6sterreichische Gesellschaft f\u00fcr Heereskunde<\/a>, Heeresgeschichtliches Museum, Wien<br>Beginn: 18:00 Uhr.<\/p>\n\n\n\n<hr class=\"wp-block-separator has-alpha-channel-opacity\"\/>\n\n\n\n<h4 class=\"wp-block-heading\">2. April 2025: Kulturhaus, Dornbirn<\/h4>\n\n\n\n<p>Dornbirner Flieger des Ersten Weltkriegs. Buchpr\u00e4sentation und Vortrag, Werkstatt-Treff der Dornbirner Geschichtswerkstatt, Kulturhaus Dornbirn, Foyer Bira. Mit dem Herausgeber Thomas Albrich.<br>Beginn: 19:00 Uhr.<\/p>\n<\/div>\n\n\n\n<hr class=\"wp-block-separator has-alpha-channel-opacity\"\/>\n\n\n\n<div class=\"wp-block-group has-global-padding is-layout-constrained wp-block-group-is-layout-constrained\">\n<h4 class=\"wp-block-heading\"><br>28. J\u00e4nner 2025: Zeughaus, Innsbruck<\/h4>\n\n\n\n<p>Buchpr\u00e4sentation und Vortrag, Tiroler Geschichtsverein im Museum im Zeughaus, Zeughausstra\u00dfe 1, Innsbruck. Mit den Herausgebern Thomas Albrich und Nikolaus Hagen.<br>Beginn: 19:00 Uhr.<\/p>\n<\/div>\n\n\n\n<hr class=\"wp-block-separator has-alpha-channel-opacity\"\/>\n\n\n\n<div class=\"wp-block-group has-global-padding is-layout-constrained wp-block-group-is-layout-constrained\">\n<h4 class=\"wp-block-heading\">21. Oktober 2024: Rathaus, Lustenau<\/h4>\n\n\n\n<p>Archivgespr\u00e4ch 03\/24: Vorarlberger Flieger im Ersten Weltkrieg, Pr\u00e4sentation der Buchreihe im Rathaussaal, Rathausstra\u00dfe 1, Lustenau. Mit den Herausgebern Thomas Albrich und Nikolaus Hagen.<br>Beginn: 18:30 Uhr.<\/p>\n<\/div>\n\n\n\n<hr class=\"wp-block-separator has-alpha-channel-opacity\"\/>\n\n\n\n<div class=\"wp-block-group has-global-padding is-layout-constrained wp-block-group-is-layout-constrained\">\n<h4 class=\"wp-block-heading\">11. Juni 2024: Gemeindehaus, N\u00fcziders<\/h4>\n\n\n\n<p>Pr\u00e4sentation der B\u00e4nde 1 und 2 im Gemeindehaus, Sonnenbergstra\u00dfe 14, N\u00fcziders. Mit dem Herausgeber Stefan Stachni\u00df.<br>Beginn: 19 Uhr.<\/p>\n<\/div>\n\n\n\n<hr class=\"wp-block-separator has-alpha-channel-opacity\"\/>\n\n\n\n<div class=\"wp-block-group has-global-padding is-layout-constrained wp-block-group-is-layout-constrained\">\n<h4 class=\"wp-block-heading\">7. Juni 2024: Hangar SW, H\u00f6fen<\/h4>\n\n\n\n<p>Pr\u00e4sentation der B\u00e4nde 1 und 2 im <a href=\"https:\/\/hangar-sw.at\/menu\/\">Flugzeugmuseum Hangar SW<\/a> am Flugplatz Reutte-H\u00f6fen. Mit den Herausgebern Thomas Albrich und Nikolaus Hagen. <br>Beginn: 18 Uhr. <\/p>\n<\/div>\n","protected":false},"excerpt":{"rendered":"<p>Wir informieren zeitnahe \u00fcber kommende Buchpr\u00e4sentationen und Vortr\u00e4ge. Vergangene Veranstaltungen: 29. Oktober 2025: Heeresgeschichtliches Museum, Wien Vortrag und Buchpr\u00e4sentation, \u00d6sterreichische Gesellschaft f\u00fcr Heereskunde, Heeresgeschichtliches Museum, WienBeginn: 18:00 Uhr. 2. April 2025: Kulturhaus, Dornbirn Dornbirner Flieger des Ersten Weltkriegs. Buchpr\u00e4sentation und Vortrag, Werkstatt-Treff der Dornbirner Geschichtswerkstatt, Kulturhaus Dornbirn, Foyer Bira. Mit dem Herausgeber Thomas Albrich.Beginn: 19:00 [&hellip;]<\/p>\n","protected":false},"author":1,"featured_media":0,"parent":0,"menu_order":0,"comment_status":"closed","ping_status":"closed","template":"","meta":{"footnotes":""},"class_list":["post-50","page","type-page","status-publish","hentry"],"_links":{"self":[{"href":"https:\/\/luftfahrtruppen.at\/index.php?rest_route=\/wp\/v2\/pages\/50","targetHints":{"allow":["GET"]}}],"collection":[{"href":"https:\/\/luftfahrtruppen.at\/index.php?rest_route=\/wp\/v2\/pages"}],"about":[{"href":"https:\/\/luftfahrtruppen.at\/index.php?rest_route=\/wp\/v2\/types\/page"}],"author":[{"embeddable":true,"href":"https:\/\/luftfahrtruppen.at\/index.php?rest_route=\/wp\/v2\/users\/1"}],"replies":[{"embeddable":true,"href":"https:\/\/luftfahrtruppen.at\/index.php?rest_route=%2Fwp%2Fv2%2Fcomments&post=50"}],"version-history":[{"count":16,"href":"https:\/\/luftfahrtruppen.at\/index.php?rest_route=\/wp\/v2\/pages\/50\/revisions"}],"predecessor-version":[{"id":121,"href":"https:\/\/luftfahrtruppen.at\/index.php?rest_route=\/wp\/v2\/pages\/50\/revisions\/121"}],"wp:attachment":[{"href":"https:\/\/luftfahrtruppen.at\/index.php?rest_route=%2Fwp%2Fv2%2Fmedia&parent=50"}],"curies":[{"name":"wp","href":"https:\/\/api.w.org\/{rel}","templated":true}]}}